 545325660 a multiple of 396?
True
Is 477725182 a multiple of 14?
False
Is 12 a factor of 1562277348?
True
Does 481 divide 95937842?
False
Is 112637448 a multiple of 18?
True
Is 11141514 a multiple of 459?
False
Does 86 divide 32218770?
False
Is 2073859854 a multiple of 606?
False
Is 2729 a factor of 2299889674?
False
Does 50 divide 224379500?
True
Is 80334090 a multiple of 570?
True
Does 4 divide 59096404?
True
Is 2837387 a multiple of 12?
False
Does 7 divide 116508099?
False
Is 15738733 a multiple of 5?
False
Is 418955460 a multiple of 29?
True
Does 1817 divide 37117676?
True
Is 236545552 a multiple of 17?
False
Is 73 a factor of 268982516?
True
Is 4 a factor of 346291?
False
Is 151187048 a multiple of 11?
False
Does 263 divide 184482932?
False
Is 151390829 a multiple of 628?
False
Is 33 a factor of 978999198?
False
Does 472 divide 74755508?
False
Is 12345129 a multiple of 6?
False
Is 9 a factor of 60946017?
False
Is 205704733 a multiple of 151?
True
Is 3496864 a multiple of 121?
False
Does 29 divide 21864956?
True
Is 2782 a factor of 516558015?
False
Does 19 divide 1035092165?
True
Is 62871 a multiple of 3?
True
Is 3 a factor of 21047549?
False
Is 290 a factor of 536048827?
False
Is 46389 a multiple of 48?
False
Does 1186 divide 26861229?
False
Is 27394395 a multiple of 103?
True
Does 517 divide 99462853?
False
Is 7 a factor of 1598687?
False
Is 49 a factor of 140755685?
True
Is 62938057 a multiple of 233?
False
Does 371 divide 46208050?
True
Is 5148786 a multiple of 694?
True
Does 1085 divide 116288913?
False
Is 215490222 a multiple of 18?
True
Does 128 divide 141591680?
True
Does 19 divide 869723803?
True
Is 119097678 a multiple of 159?
True
Does 6228 divide 77395356?
True
Is 223 a factor of 7505265200?
False
Is 26226970 a multiple of 154?
True
Is 3720865 a multiple of 3?
False
Is 1107204062 a multiple of 320?
False
Does 425 divide 412681800?
True
Does 23 divide 17978569?
False
Is 409662959 a multiple of 24?
False
Is 21945366 a multiple of 747?
True
Is 4067666 a multiple of 261?
False
Is 3714 a factor of 165930975?
False
Is 109705297 a multiple of 1034?
False
Does 7 divide 101549?
True
Is 24974331 a multiple of 25?
False
Does 8 divide 5355976?
True
Does 86 divide 27086388?
True
Does 555 divide 313375200?
True
Does 628 divide 609287484?
True
Is 1500094175 a multiple of 5605?
True
Is 2420 a factor of 5209190?
False
Is 49 a factor of 1277136?
True
Does 398 divide 168513503?
False
Is 3754157 a multiple of 324?
False
Does 33 divide 1540916322?
True
Is 79 a factor of 118747349?
True
Is 4117056195 a multiple of 3164?
False
Does 8 divide 2980882?
False
Is 309 a factor of 16825560?
False
Does 270 divide 99433050?
False
Does 12 divide 65865919?
False
Is 47640313 a multiple of 20?
False
Is 100 a factor of 111212900?
True
Is 507982217 a multiple of 51?
False
Is 1243 a factor of 27662965?
True
Is 836 a factor of 227583444?
True
Is 536245738 a multiple of 1799?
False
Is 338035613 a multiple of 15?
False
Is 27 a factor of 1477186092?
True
Is 340 a factor of 73550847?
False
Is 2254 a factor of 10011802?
False
Is 159934896 a multiple of 1562?
False
Does 38 divide 8530611?
False
Does 1181 divide 44836738?
False
Does 3374 divide 599799354?
True
Is 27932500 a multiple of 20?
True
Does 43 divide 4049998?
True
Is 895990699 a multiple of 14?
False
Does 62 divide 96654602?
False
Does 24 divide 2288498274?
False
Does 15 divide 5921571850?
False
Is 2143255589 a multiple of 259?
False
Is 1455 a factor of 163808265?
True
Is 7 a factor of 20148404?
False
Is 816720835 a multiple of 6167?
False
Is 1800169081 a multiple of 2959?
False
Is 23997796 a multiple of 3273?
False
Is 11001928 a multiple of 7?
True
Does 685 divide 95102278?
False
Is 2 a factor of 3308599?
False
Does 691 divide 97869094?
True
Is 167416070 a multiple of 2651?
False
Is 3737 a factor of 1315741645?
True
Is 20495647 a multiple of 550?
False
Is 21718068 a multiple of 591?
True
Is 176 a factor of 105248?
True
Is 10 a factor of 651508832?
False
Does 415 divide 5538412?
False
Does 99 divide 878026545?
True
Is 7134498 a multiple of 21?
True
Is 2332 a factor of 33268312?
True
Is 348 a factor of 39474336?
True
Is 54132824 a multiple of 15?
False
Does 1169 divide 443596304?
False
Does 625 divide 198028950?
False
Is 6643731 a multiple of 56?
False
Is 956 a factor of 20731959?
False
Is 18 a factor of 84276?
True
Is 809 a factor of 37179076?
False
Is 24884505 a multiple of 1085?
False
Does 2 divide 11659736?
True
Is 12 a factor of 559173432?
True
Is 61 a factor of 1133194771?
False
Does 28 divide 351472245?
False
Does 13 divide 2965664?
True
Does 6819 divide 14278986?
True
Is 19618236 a multiple of 33?
True
Is 67 a factor of 56125833?
True
Is 104065020 a multiple of 412?
True
Does 3 divide 12516249?
True
Does 3024 divide 1673055216?
True
Is 87 a factor of 60389591?
False
Does 345 divide 213684309?
False
Is 14 a factor of 62197440?
False
Is 12 a factor of 270579108?
True
Does 806 divide 1742549432?
True
Is 597886484 a multiple of 52?
True
Is 1320 a factor of 188799600?
True
Does 763 divide 45002503?
True
Is 148 a factor of 108303886?
False
Does 2 divide 19823150?
True
Is 6301 a factor of 1319542573?
False
Is 824083590 a multiple of 2989?
False
Is 6 a factor of 134749908?
True
Is 2833 a factor of 111071845?
False
Is 37 a factor of 13142289?
True
Is 1879 a factor of 2430107772?
False
Is 10665699 even?
False
Is 25472013 a multiple of 719?
True
Does 9 divide 31946544?
True
Is 200232032 a multiple of 494?
True
Does 70 divide 13318219?
False
Is 10744521 a multiple of 195?
False
Is 2545 a factor of 660087862?
False
Does 181 divide 41890459?
True
Is 2 a factor of 42119368?
True
Is 114183536 a multiple of 1334?
False
Is 735 a factor of 277830?
True
Does 4259 divide 1505641680?
True
Does 284 divide 45607449?
False
Is 579209584 a multiple of 972?
False
Is 66 a factor of 217742580?
True
Is 26047553 a multiple of 223?
False
Is 972027302 a multiple of 2004?
False
Is 3 a factor of 88804071?
True
Is 2658801683 a multiple of 119?
False
Is 139181860 a multiple of 16?
False
Is 49 a factor of 5062582?
True
Does 215 divide 22002025?
True
Does 8 divide 193049493?
False
Is 3905 a factor of 455053555?
True
Does 17 divide 166831234?
True
Does 134 divide 35918300?
False
Does 215 divide 46134033?
False
Does 227 divide 36758791?
True
Is 248506850 a multiple of 1488?
False
Is 32 a factor of 23271008?
True
Does 11 divide 544777200?
True
Is 272 a factor of 563329728?
False
Is 136985100 a multiple of 925?
True
Does 1030 divide 35246929?
False
Is 1561004 a multiple of 24?
False
Does 126 divide 92859142?
False
Is 328 a factor of 1464306800?
True
Does 2 divide 32877208?
True
Is 459 a factor of 6661095?
False
Is 696 a factor of 50959824?
False
Is 28605336 a multiple of 76?
True
Is 64897864 a multiple of 3?
False
Is 1734437268 a multiple of 276?
True
Is 214836717 a multiple of 20?
False
Is 51511326 a multiple of 629?
True
Is 33332598 a multiple of 543?
True
Is 25 a factor of 1790528939?
False
Does 113 divide 6106621?
False
Does 12 divide 3333460?
False
Is 61 a factor of 41984043?
True
Is 2571 a factor of 3006609672?
True
Is 6 a factor of 6294426?
True
Is 4 a factor of 91682182?
False
Is 55884526 a multiple of 160?
False
Is 957 a factor of 61898760?
True
Does 139 divide 65609529?
True
Is 121761073 a multiple of 59?
True
Is 559 a factor of 490043776?
False
Is 223642467 a multiple of 111?
True
Is 10391178 a multiple of 42?
True
Is 1745 a factor of 212708748?
False
Does 11 divide 112141362?
False
Does 839 divide 96957742?
False
Is 86 a factor of 4216097368?
True
Does 14 divide 1428184212?
True
Is 1617 a factor of 176428728?
False
Does 50 divide 2189434500?
True
Is 109 a factor of 466476618?
True
Does 16 divide 399825312?
True
Is 12 a factor of 87376421?
False
Does 8 divide 17199501?
False
Does 1974 divide 35498442?
True
Is 50764776 a multiple of 12?
True
Does 1278 divide 1523376?
True
Does 16 divide 20496363?
False
Is 33 a factor of 22668558?
True
Is 379408530 a multiple of 10?
True
Is 169 a factor of 41324800?
False
Is 131247773 a multiple of 44?
False
Is 5267268 a multiple of 2?
True
Is 174071293 a multiple of 31?
True
Does 88 divide 206880?
False
Is 3378274679 a multiple of 362?
False
Is 104770414 a multiple of 849?
False
Does 58 divide 43391965